j + j - 2 = -2*d. Let t = -6 + 8. Is (185 - 0) + t - j prime?
False
Suppose o = -4*i - 14, o + 0 = -3*i - 10. Is (-1 - -2) + 495/(i + 7) prime?
False
Let l(z) = z**3 - 26*z**2 - 70*z + 146. Is l(33) a composite number?
True
Let b(n) = 60*n**2 + 5*n + 111. Is b(-20) composite?
True
Suppose 0 = -3*i + 130 + 1037. Let t = -122 + i. Is t a prime number?
False
Suppose -4*k - 2*g + 30278 = 0, 1 - 4 = g. Is k composite?
True
Let c be (-8)/((-5)/(-5)*2/8). Suppose 4*j = -2*a + 88, -140 = -4*a - 0*j + j. Let b = a + c. Is b prime?
False
Suppose -187*z - 23266 = -189*z. Is z composite?
False
Suppose 9*j - 25 = 8*j. Suppose 2*k = -d + 5*k + 215, 5*k - j = 0. Let h = d - -5. Is h a composite number?
True
Let b = 5 - -9. Suppose 6*p - 82 = b. Suppose p = -4*f, 41 - 343 = -3*c + 5*f. Is c prime?
False
Let f = 30 + -28. Suppose 0 = 4*h - f*y - 5282, y + 1303 = h + 4*y. Is h composite?
True
Let z = 11 + -12. Let l = -3 + z. Is (l/6)/((-6)/1017) a prime number?
True
Let u(j) = -j - 6*j + 16*j + 0*j + j**3 + 12 - 12*j**2. Is u(13) a composite number?
True
Suppose -l = -4*l + 171. Let q = -35 + l. Is q prime?
False
Let r(q) = -46*q - 21. Let p be r(10). Let k = p - -680. Is k a composite number?
False
Let a(i) = 5 - 5 + i. Let m be a(6). Suppose -m*k + 632 = -2*k. Is k prime?
False
Let c(p) = p**2 + 115. Let g = 67 + -67. Is c(g) composite?
True
Is (-1)/((-5)/49125) + 2 + 0 prime?
False
Let f be (1 - -4) + (-30)/(-10). Suppose -3*u - f = -4*u. Let v = u - -78. Is v a prime number?
False
Suppose 23*g + 2*v - 131417 = 20*g, 0 = g - 3*v - 43813. Is g composite?
True
Suppose -y = 3, 82*y + 72230 = 4*l + 84*y. Is l a composite number?
False
Suppose -8*v + 7*v = 0. Suppose v = 3*z + z - 5*h - 745, -4*z = 5*h - 735. Is z a prime number?
False
Let j = -44188 + 82731. Is j a prime number?
True
Let y(a) = 344*a + 351. Is y(35) a prime number?
True
Suppose 3*v + 114 - 825 = 0. Suppose 0*n - 3*n + v = 0. Is n a prime number?
True
Suppose -23 = -5*o - n, -3*o + n + 9 = -0*n. Suppose 0 = -o*s + 6*l - l + 300, -3*s - 2*l + 202 = 0. Suppose 3*v = v + s. Is v composite?
True
Let h = 23132 + -12301. Is h a prime number?
True
Let h = -1256 + 3264. Let l = h + -507. Is l a prime number?
False
Let b be (86/4)/((-4)/(-1688)). Suppose -5*n = -4462 - b. Is n prime?
True
Let d be 5/(-25)*0 + 6. Suppose -g = -b - 369, 3*g - d*g + 1083 = 3*b. Is g a prime number?
False
Suppose 5*j = 8*j - 1593. Suppose -13*q - j = -4834. Is q a prime number?
True
Is 7 - 675/99 - 1056476/(-44) prime?
False
Let k be ((-20)/8 - -4)*2. Suppose -68 + 296 = k*r. Is 3 + (r*3)/3 prime?
True
Let d = 20255 + -3052. Is d prime?
True
Suppose 5*u + 7831 - 36054 = -3*a, 0 = 4*a - 4*u - 37652. Is a composite?
True
Let b = 17 + -14. Suppose -6228 = -b*j - 198. Suppose 5*i = j - 155. Is i a composite number?
True
Let g(r) = -r**3 - 5*r**2 + 4*r - 3. Let s be g(-6). Suppose -2*f + s = 173. Let o = 209 + f. Is o prime?
True
Let k = -12 + 16. Suppose k*t - 3*c - 35 = -8, -3*t = -3*c - 21. Suppose 0 = t*x - 2*x - 844. Is x prime?
True
Let r = 83 - -564. Is r a prime number?
True
Suppose 3*i - 3*g - 597 = 0, 3*i + 4*g = 5*g + 601. Suppose -s - i - 281 = -y, -5*s + 464 = y. Is y a composite number?
False
Let o = -57 + 39. Is (6 - 12)*669/o composite?
False
Let p(o) = o**2 + 2*o + 3. Let n be p(-1). Suppose -n*j + b = -740, 3*j - 5*b = 6*j - 1123. Is j a prime number?
False
Suppose 2*q + 2281 = 5*d - 2*q, -d = 5*q - 462. Is d a composite number?
False
Let y(l) = 9208*l**2 - 26*l - 5. Is y(3) prime?
False
Let c(d) = d**3 + 45. Let u be c(0). Let x = u + -25. Suppose 3*t + 5*y + 2 = 4, -3*t = -4*y - x. Is t a composite number?
True
Let x(k) = 25*k**3 - 2*k**2 + 10*k - 7. Is x(4) a prime number?
True
Suppose -3*p + 100 = 2*p + 4*n, 2*p - 3*n - 17 = 0. Let t = -11 + p. Suppose 0 = 4*f + t*v - 3654, 2*f - v - 755 - 1065 = 0. Is f a composite number?
False
Let z be 4 - (4/(-4))/1. Suppose 3*h - 5*x = 158, -z*x + 47 = h - x. Is 0 - -6*h/6 a prime number?
False
Suppose 0*r = -4*r + 8. Suppose 27 = 5*l + r. Suppose 0 = l*o - 258 - 157. Is o a prime number?
True
Let g(i) = -996*i - 61. Is g(-2) prime?
True
Let n = 231 + -168. Let i = -13 - -3. Let h = n + i. Is h composite?
False
Suppose 5*u + 5*q - 2*q = 92704, 0 = 4*q - 12. Is u composite?
False
Suppose -54 = 3*n - 60. Suppose 739 = n*j - 2307. Is j prime?
True
Suppose -5*i + i = -204. Let n = -743 - -847. Let t = n - i. Is t prime?
True
Suppose 7001 = 5*o - 4*i, 5*i + 227 = 4*o - 5372. Is o composite?
True
Suppose 3*v + 4*r = -2553 - 902, v - 3*r = -1130. Let f(d) = -d + 4. Let o be f(7). Is o/(-6) - v/10 prime?
False
Let o(d) = -3*d + 19. Let u be o(-9). Suppose 0 = -h + u + 51. Is h prime?
True
Is 6 - (-2 + 2) - (-9307 - 70) a prime number?
False
Let o = -153 + 150. Is (7 + o)*299/4 a composite number?
True
Let m(v) = 3146*v**3 - 1. Let n be m(1). Let b = -1041 + n. Suppose -2*f - 509 = -z - 7*f, 4*z - b = -3*f. Is z a prime number?
False
Suppose 2*n - 6746 = -3*x, -6*n - 5*x - 6778 = -8*n. Is n a prime number?
False
Suppose 259002 = 12*o - 914226. Is o prime?
False
Suppose -2*m - 7 = 1. Let s be m/4 - (-31 + 2). Is (s + 2 - -2) + 3 prime?
False
Let p be (-251571)/(-5) - (-20)/25. Is (5 - p/10)*6/(-9) prime?
False
Let h(i) = i**2 - 8*i. Let a be h(7). Let o(m) = -m**3 - m**2 + 10*m - 3. Is o(a) composite?
True
Suppose 3*g - 9*g + 24 = 0. Suppose -4*l + 4 = -2*p, g*p + 5 + 3 = -4*l. Is p*(3 + 257/(-2)) a composite number?
False
Suppose r - 4*r = -30. Is (354750/(-26))/(-5) - r/(-65) composite?
False
Let m = 12 - 14. Let l be (m/5)/(3/(-15)). Suppose 0 = -4*f - 4*t + 2564, 3*t + 1282 = 2*f - l*t. Is f prime?
True
Suppose 0 = -5*j + 264 + 636. Let s = j + -125. Is s a composite number?
True
Let m be (9 - 8) + (-1 - -2). Suppose -3 - 45 = m*k. Let h = 199 - k. Is h prime?
True
Let x(b) = -535*b + 48. Is x(-5) composite?
True
Suppose 3*t = t. Is (-8 - -7)*(-971 + t) a composite number?
False
Let q(k) = 2235*k**2 + 42*k + 137. Is q(-4) composite?
False
Let r = 22 - 7. Let f be ((-3)/(-5))/(3/r). Suppose -1126 = -3*o - 2*d - 247, f*d + 282 = o. Is o a prime number?
False
Let k = 2938 + -1044. Is k a prime number?
False
Suppose -3*g = -52 + 7. Suppose g*j - 793 = 14*j. Is j composite?
True
Let h = -4953 - -13232. Suppose h - 31134 = -7*w. Is w a prime number?
False
Suppose -17*i + 2090 = -2891. Is i a prime number?
True
Suppose r = -5*k + 26, 2*k = r + r - 4. Suppose r*x - 2*x - 1876 = 0. Is x a prime number?
False
Suppose 6*v - 9*v + 55104 = 3*d, v - 18347 = -8*d. Is v a composite number?
False
Let x be -3 + -10*(-4)/10. Is (2/(-6))/(x/(-633)) composite?
False
Suppose 7*p - 11 = 10. Suppose j = p*j. Suppose j = -2*d - 3*f - f + 106, 2*f = d - 53. Is d a composite number?
False
Is (-419)/(7 + (-390)/55) prime?
False
Let q(a) = 84*a**2 - 10*a + 7. Is q(-7) a composite number?
True
Let h(d) = 20*d + 27. Is h(3) prime?
False
Suppose 2 = 2*j, 0*j - 49 = -d - 2*j. Let f = -89 - d. Is 4*1 - (f + -21) composite?
True
Suppose -q - 2*d = -0*q - 734, -3*q - 2*d + 2182 = 0. Let l = 235 + q. Is l prime?
False
Suppose 0 = 3*d - 9, 5*d - 2015 = 5*k - 80955. Is k composite?
False
Let i(a) be the third derivative of -7*a**4/8 - 6*a**3 - 30*a**2. Is i(-13) a composite number?
True
Suppose -196*o + 186*o + 89470 = 0. Is o prime?
False
Let c(a) = -a**2 + 3*a + 4. Let j be c(6). Let v be ((-63)/j)/((-2)/(-12)). Is (-9)/v - (-716)/6 prime?
False
Let g(p) be the third derivative of 5*p**4/24 + 7*p**3/6 + 12*p**2. Is g(15) a prime number?
False
Suppose -3*g = 3*o + g - 2100, 3*o - 2085 = g. Let u be (2/(-3))/((-42)/(-23121)). Let v = u + o. Is v a prime number?
False
Let j = -39 + 42. Suppose -j*g = -148 - 11. Is g prime?
True
Let u(v) = -31*v**3 + v**2 - 1. Suppose 0 = -5*z - 20, -5*b = 2*z - 0*z + 18. Is u(b) a prime number?
True
Let l(m) = 322*m - 314. Is l(6) a prime number?
False
Suppose -3*f = -8 - 16. Suppose 0*c = -2*c + f. Suppose -3*o = -c*v - 157, 2*o - 7*v - 102 = -3*v. Is o prime?
False
Let c(u) = 3*u**2 + 3*u - 2. Let y be c(1). Suppose -y*o + 10 = -4*b - 18, -2*o = -4*b - 22. Suppose -o*k + 995 = -2*k. Is k composite?
True
Let z(w) = 24*w. Suppose -30 = -7*b + 2*b. Let g be z(b). Suppose -3*v + g = -321. Is v composite?
True
Let u be -2 + (82 - 3) - 4. Let w = 164 - u. Is w composite?
True
Supp